{"id":193,"date":"2019-07-10T16:35:01","date_gmt":"2019-07-10T15:35:01","guid":{"rendered":"http:\/\/begusta.de\/?page_id=193"},"modified":"2019-07-10T16:35:01","modified_gmt":"2019-07-10T15:35:01","slug":"lager","status":"publish","type":"page","link":"https:\/\/begusta.de\/?page_id=193","title":{"rendered":"Lager"},"content":{"rendered":"<p>Nach Absprache k\u00f6nnen bestimmte Losgr\u00f6\u00dfen in unserem Hauptlager bevorratet und dann punktgenau <strong>&#8211; just in time &#8211;<\/strong> geliefert werden.<\/p>\n","protected":false},"excerpt":{"rendered":"<p>Nach Absprache k\u00f6nnen bestimmte Losgr\u00f6\u00dfen in unserem Hauptlager bevorratet und dann punktgenau &#8211; just in time &#8211; geliefert werden.<\/p>\n","protected":false},"author":1,"featured_media":0,"parent":0,"menu_order":0,"comment_status":"closed","ping_status":"closed","template":"","meta":[],"_links":{"self":[{"href":"https:\/\/begusta.de\/index.php?rest_route=\/wp\/v2\/pages\/193"}],"collection":[{"href":"https:\/\/begusta.de\/index.php?rest_route=\/wp\/v2\/pages"}],"about":[{"href":"https:\/\/begusta.de\/index.php?rest_route=\/wp\/v2\/types\/page"}],"author":[{"embeddable":true,"href":"https:\/\/begusta.de\/index.php?rest_route=\/wp\/v2\/users\/1"}],"replies":[{"embeddable":true,"href":"https:\/\/begusta.de\/index.php?rest_route=%2Fwp%2Fv2%2Fcomments&post=193"}],"version-history":[{"count":1,"href":"https:\/\/begusta.de\/index.php?rest_route=\/wp\/v2\/pages\/193\/revisions"}],"predecessor-version":[{"id":194,"href":"https:\/\/begusta.de\/index.php?rest_route=\/wp\/v2\/pages\/193\/revisions\/194"}],"wp:attachment":[{"href":"https:\/\/begusta.de\/index.php?rest_route=%2Fwp%2Fv2%2Fmedia&parent=193"}],"curies":[{"name":"wp","href":"https:\/\/api.w.org\/{rel}","templated":true}]}}